u be y(l). Let d = u + -26. What is the remainder when d is divided by 4?
2
Suppose 1 = -4*o + 9. Calculate the remainder when 61 is divided by (17 + 1 - o) + (0 - 0).
13
Let x be (-2)/(-18) - (-1364)/36. Suppose -g + x = 3*c + 8, 0 = 5*c - 5*g - 30. Calculate the remainder when 3/(c/(-2))*-63 is divided by 9.
6
Suppose -35*h + 28*h + 119 = 0. What is the remainder when 65 is divided by h?
14
Let y(u) = -u**2 + 11*u - 13. Let n be y(9). Suppose -5*t = -4*m + 2*m - 34, -2*m + 46 = n*t. Calculate the remainder when 86 is divided by t.
6
Let p(o) = -o**3 + 44*o**2 - 32*o - 92. What is the remainder when p(43) is divided by 101?
78
Suppose v - 43 = -2*i, 3*v - 77 = -3*i - 8. Suppose 5*q - 9*q = -i. Calculate the remainder when 15 is divided by q.
0
Let f(j) = -j**2 + 21*j + 373. What is the remainder when 101 is divided by f(32)?
17
Suppose 50 = -2*c + 7*c. Let l = c - 14. Let a = l + 17. What is the remainder when 75 is divided by a?
10
Let s(a) = -25*a**3 - 3*a**2 - 2*a + 1. Let u = 23 + -25. Let y be s(u). Suppose -4*j + y + 43 = 0. What is the remainder when j is divided by 20?
19
Suppose 0 = 3*i + 3*l - 93, 2*l - 28 = -i + 7. Suppose -1 + 0 = h. What is the remainder when 33 is divided by 1*h/(-3)*i?
6
Let j = -9 - -23. Suppose -9*w + 49 = -j. What is the remainder when 15 is divided by w?
1
Suppose -13*k = -17*k + 36. Let x(p) = -p**3 + 10*p**2 + p - 1. Calculate the remainder when x(k) is divided by 23.
20
Suppose 4*d - 4 = 3*y, -d - 2*d - 8 = -5*y. Let h(g) = 22*g - 17. What is the remainder when h(d) is divided by 36?
35
Suppose -5*v = 6*u - 2*u - 233, 3*u = -5*v + 176. Suppose 0 = 4*o - 5*n - 45, 2*n = 3*o + 6*n - u. What is the remainder when o is divided by 6?
3
Suppose -2*b = -5*b + 156. Let s = 2717 - 2697. What is the remainder when b is divided by s?
12
Let w(q) = q**2 - 5*q - 8. Let d be w(7). Let m = d - 3. Suppose 256 - 72 = 4*c + 4*i, 4*i + 110 = m*c. What is the remainder when c is divided by 11?
9
Let j(v) = 3*v + 26. Suppose 5*r - 39 - 6 = 0. What is the remainder when j(r) is divided by 8?
5
Let a = -460 + 755. Suppose -k + 6*k = -a. Let o = k + 83. Calculate the remainder when o is divided by 9.
6
Let m = -278 + 399. Calculate the remainder when 337 is divided by m.
95
Let r(o) = -o**3 + 7*o**2 - 2*o - 3. Suppose -35*c = 2558 - 3013. What is the remainder when r(5) is divided by c?
11
Let r be (-3)/(-6) + 21/14. What is the remainder when (-1)/(r/(-58)) - -1 is divided by 4?
2
Let u(m) = m**3 - 2*m + 2. Let q be u(2). Suppose -4*v + 207 + 69 = 0. What is the remainder when v is divided by 88/q - (-2)/(-3)?
13
Suppose 0 = 2*o - 2 - 2. Suppose -o*g - 6 + 50 = 0. Suppose g = d + 4. Calculate the remainder when 52 is divided by d.
16
Let u = 18 - 15. Let g(m) = 18*m + 2. Let r be g(u). Suppose x = 2*i - 23, 0*i = 5*i - 2*x - r. Calculate the remainder when 19 is divided by i.
9
Suppose 86 = 7*i - 26. What is the remainder when i is divided by (12/7)/((-20)/(-70))?
4
Suppose 0 = -47*f + 7281 - 2252. Calculate the remainder when f is divided by 20.
7
What is the remainder when 107 is divided by (-6)/(-12) + 7/(-2) + 21?
17
Suppose -c = 1202 - 1205. What is the remainder when 22 is divided by c?
1
Suppose 3*s = 3*x - 63, -2*s = 3*s. Calculate the remainder when 104 is divided by x.
20
Let i(n) = -n**3 + 6*n**2 - 3*n + 11. Let j(u) = 2*u**2 - 4*u - 1. Let f be j(3). Suppose 4*p = f*p - 39. What is the remainder when p is divided by i(5)?
18
Let y(l) = l**3 + 17*l**2 + 17*l - 15. Let b be y(-14). Suppose 6*z = 139 + b. What is the remainder when z is divided by 16?
15
Let p(r) = -2*r**2 - 8*r + 10. Let q be p(-9). Let v = q - -163. What is the remainder when v is divided by 30?
23
Suppose m = 5, 4*t - 3*m = 2*m + 283. Suppose -17 - 88 - 181 = -11*j. What is the remainder when t is divided by j?
25
Let b(y) be the first derivative of -y**3/3 + 5*y**2/2 + 7. Let d(j) = -5*j + 2. Calculate the remainder when d(-3) is divided by b(3).
5
Let j(l) = 3*l + 7. Let u(p) = p**3 + 19*p**2 + 17*p - 20. Let v be u(-18). What is the remainder when j(v) is divided by 1?
0
Let w = 28 + -23. What is the remainder when 109 is divided by 30 - 5*2/w?
25
Let q(g) = -g. Suppose -2*v - 25 = -3*w, -5*v - 2*w = 67 + 5. Let i be ((-12)/8 + 2)*v. Calculate the remainder when 20 is divided by q(i).
6
Suppose 13*f - 494 = -25*f. What is the remainder when 217 is divided by f?
9
Let l(r) = 5*r**3 - 11*r**2 + 26*r - 3. Calculate the remainder when l(4) is divided by 25.
20
What is the remainder when 63 is divided by 1 - 21/28 - 182/(-8)?
17
Suppose -4*o - 48 = -2*q, -3*q + 26 = 2*o - 54. Suppose 0 = -4*y, 4*h + y = q + 30. What is the remainder when 39 is divided by h?
11
Let i(m) = 20*m**2 - m - 1. Let l be -2 + (-4 - 324/(-2)). Suppose 0 = -5*z + 3*z + l. Calculate the remainder when z is divided by i(-1).
18
Suppose 5*b + 663 = 3*d - 2*d, -4*d + 5*b + 2697 = 0. Suppose 0 = 5*t - 177 - d. What is the remainder when t is divided by 43?
42
Let g(d) = -d**3 + 9*d**2 + 25*d - 43. Calculate the remainder when g(10) is divided by 40.
27
Suppose -77 = 2*j - 97. Let u(h) = -10*h**2 + 2*h - 11*h**2 - 3 + 19*h**2 + h**3. Calculate the remainder when u(4) is divided by j.
7
Suppose -42*w + 40*w - 186 = -3*g, -5*g = w - 323. Calculate the remainder when g is divided by 42.
22
Let a = -1496 + 1531. What is the remainder when 482 is divided by a?
27
Suppose -449*d + 1254 = -430*d. What is the remainder when 269 is divided by d?
5
Let x(u) = 20*u + 11. Let y be x(5). Let a = -54 + y. What is the remainder when a is divided by 30?
27
Let d be (-2)/8 + ((-4917)/12)/(-11). Suppose 273 = 5*n + 2*f, -n + f + d + 19 = 0. Calculate the remainder when n is divided by 21.
13
Let w = -29 - -52. Let t = 3 + 2. Suppose 9*a + t = 4*a, -x + 2*a = -10. Calculate the remainder when w is divided by x.
7
Suppose 0 = 4*p - 0*p + 36. Let x be p/((42/16)/7). Let r = x + 43. Calculate the remainder when 55 is divided by r.
17
Suppose 155 = 2*h - 393. Suppose -3*a + h = m, 4*a - 2*m + 3*m = 366. Calculate the remainder when a is divided by 24.
20
Suppose n + 16 = 5*n. Let k(u) = -u**2 - u + 44. Calculate the remainder when n is divided by k(-7).
0
Suppose -167 = -3*v + 2*c - 6, 0 = -4*v + c + 213. Let i = v - 2. What is the remainder when i is divided by 13?
12
Suppose 0 = 5*j - 5*y - 50, -22*j = -24*j + y + 17. Let g(q) = -q**3 - 2*q**2 + 3*q + 5. Calculate the remainder when g(-4) is divided by j.
4
Suppose -z - 5 = 0, -13*z + 16*z = -5*w + 60. Let h = -4 - -10. What is the remainder when w is divided by h?
3
Let b(g) = -4*g**2 - 52*g + 11. Suppose 4*r - 31 = 169. Calculate the remainder when b(-11) is divided by r.
49
Let w be 2*6/8*2. Suppose -5*a - 3*n = -29, a - n = -w*n + 10. Suppose -120 = -u + 2*j, 309 = 4*u + a*j - 159. What is the remainder when u is divided by 24?
22
Let n(p) = 2*p**2 - 35*p + 14. Let a be n(18). Let r = 34 - a. Calculate the remainder when 5 is divided by r.
1
Suppose 3*j - 4*l = 150, -6*j + 2*l = -8*j + 86. Calculate the remainder when 454 is divided by j.
40
Suppose -v = v + a - 10, 5*v + 5 = 5*a. Let w = -1 + 6. Suppose j - 31 = -w*i, 6*i - 15 = 3*i. What is the remainder when j is divided by v?
0
Let d = 106 - 90. What is the remainder when d + 3 + (-5 - -5) is divided by 9?
1
Suppose 13*l = 8*l + 30. Suppose n + 211 = l*n + 4*v, 2*v = -n + 47. Calculate the remainder when 232 is divided by n.
37
Let k be (-1)/(1 - 2/3). What is the remainder when (k/2)/((-3)/44) is divided by 7 - (-5)/(-3 + -2)?
4
Let j = -2 + 0. Let n = -1 + j. What is the remainder when (n + 0)*6/(-9) is divided by 1?
0
Suppose 0 = -4*n + 5*k - 3*k + 126, n - 14 = 4*k. Calculate the remainder when 1325 is divided by n.
33
Suppose 224 = 3*m - l, -46 = -4*m + 5*l + 249. Suppose m = 4*o + 3*c, 2*c = o - c. Calculate the remainder when 57 is divided by o.
12
Let v(n) = 12*n - 347. Calculate the remainder when 44 is divided by v(30).
5
Let j(n) = 2*n**2 - 6 + 7 - 3*n + n**3 - 4 + 2*n**2. Calculate the remainder when j(-4) is divided by 3.
0
Suppose -5*g + 20*y = 21*y - 305, 0 = 3*g + y - 185. What is the remainder when g is divided by 24?
12
Let y(j) = j**3 - 10*j**2 + j - 22. Let h be y(10). Let s = 25 + h. What is the remainder when s is divided by 9?
4
Let f(s) = -s**3 - s**2 + 19*s + 49. Wh